 4. Let h(z) = 4*i(z) + 3*w(z). Give h(c).
-11
Let j(l) = 2*l**2 - 3*l - 6. Let i(k) = -k**2 + 2*k + 3. Let r(x) = 11*i(x) + 6*j(x). What is r(-3)?
-6
Let y = -23 - -14. Let o(x) = 23*x - 97. Let s(k) = 14*k - 55. Let f(i) = 3*o(i) - 5*s(i). What is f(y)?
-7
Let u(v) be the third derivative of -v**4/6 + 11*v**3/3 - 2*v**2 - 198*v. Give u(7).
-6
Let g(o) = o**2 - 5*o + 9. Let i be g(4). Suppose i*f = -v + 25, f = -4*v - v + 29. Let w(t) = t**2 - 5*t - 2. Give w(f).
-6
Let x(d) = -3 + 2*d**2 + 4*d - d + 2*d + d. Let j be (-602)/126 - ((-114)/(-27) + -4). What is x(j)?
17
Let m(r) = -25*r**2 + 31*r**2 - 10*r**2 + 1. What is m(1)?
-3
Let n(q) = -q**2 - 3*q + 4. Let k be -1 - ((4 - 3 - -1) + -6). What is n(k)?
-14
Let z = 9 - 14. Let f = 5 + z. Let t(l) = 8331*l**2 - 8331*l**2 + l**3 - 5. Give t(f).
-5
Let y(d) = 23*d - 9. Let x(u) = -16*u + 5. Let j(n) = -31*n + 10. Let b(r) = -4*j(r) + 7*x(r). Let o(m) = 11*b(m) - 6*y(m). Let h = -5 + 6. What is o(h)?
-7
Let u(r) = 13*r + 39. Let l(k) = -8*k - 20. Let v(j) = -5*l(j) - 3*u(j). Calculate v(7).
-10
Let g(w) be the third derivative of -1/120*w**6 - 3*w**2 + 0*w + 0 + 1/6*w**4 - 1/20*w**5 + 2/3*w**3. Let b(d) = d - 1. Let f be b(-3). Determine g(f).
4
Suppose -14*f + 156 = 170. Let q(s) = -s**2 - 2*s - 2. What is q(f)?
-1
Let m = 1489 - 1489. Let i(z) = -z. Let n(v) = 2*v + 5. Let g(b) = -3*i(b) - n(b). What is g(m)?
-5
Let l(s) = s**2 + 9*s + 8. Let n = 154 - 162. Calculate l(n).
0
Let k = 6/139 + 121/417. Let x(f) be the first derivative of 5/2*f**2 - k*f**3 + f - 1. Give x(6).
-5
Suppose -2*s = 4*n - 5*s + 94, -2*n + 4*s = 52. Let y = -13 - n. Let h(c) = -y - 18 + c + 19. Determine h(5).
-3
Let i(k) = -k - 2. Let x(o) = -4*o - 8. Let y(b) = -3*i(b) + x(b). Determine y(-13).
11
Let t(s) = 2*s + 7. Let f(r) be the first derivative of -2*r**3 - 2*r - 44. Let m be f(-1). Give t(m).
-9
Let v(s) = 768*s + 3 + 0 + 0 - 763*s. Give v(-2).
-7
Suppose -4*a = 2*s, 0 = 3*s - a + 2*a - 10. Let y(d) = -7*d**3 + 5*d**2 + d**3 + s*d - 2*d + 2 + 5*d**3. Give y(5).
12
Let k(m) = 4 - 106*m**2 + 6*m + 105*m**2 + 16. Let d be k(9). Let g(i) = -i**3 - 6*i**2 + 7*i + 2. Give g(d).
2
Suppose -4*x - 2 + 10 = 0. Let j be x/(7/(140/8)). Let a(i) be the second derivative of -i**4/12 + 5*i**3/6 - 3*i**2 - i. Determine a(j).
-6
Let l(h) = -h**3 - 3*h**2 + 4. Suppose -b + 2*p + 1 = -16, -2*b + 3*p + 30 = 0. Let v = b + 9. Suppose 3*o - 4*z = -15 - 6, -v = 4*o - 2*z. What is l(o)?
4
Let q be 12/2 + -1 + -3. Suppose c - q*j = 15, -3*c = -j - 60 + 20. Let h = 8 - c. Let r(k) = -3*k - 6. Determine r(h).
9
Let l(u) be the second derivative of -1/6*u**3 + 0*u**4 - 2*u**2 + 0 - u - 1/60*u**5. Let s(y) be the first derivative of l(y). Determine s(-3).
-10
Suppose 5*m + 4*q + 22 = 0, -7 + 4 = q. Let i be (m + (0 - -3))*0. Let f(t) = -t**2 - t - 7. Give f(i).
-7
Let i(k) = k**3 + 5*k**2 + k + 2. Let c be i(-5). Let h = c + 5. Let w(p) = -h + 3*p - 2*p**2 + 1 - 11*p - 3. What is w(-5)?
-14
Suppose -8*f - 6 + 30 = 0. Let d(w) = w + 1. Let r(q) = 3*q - 6. Let i(u) = f*d(u) + r(u). Determine i(-3).
-21
Let p(q) = q**2 - 5*q - 10. Let l be p(7). Suppose 0 = 5*j - 4*z + 5, l = -3*j + j + 2*z. Let x(i) = -j*i**2 - 2 - 7*i + 2*i**2 + 0*i**2. Calculate x(-5).
8
Let j(y) be the third derivative of -7/24*y**4 + 0*y**3 + 1/120*y**6 + 0*y - 28*y**2 + 0 + 7/60*y**5. What is j(-8)?
-8
Let w(i) = -i**3 - 11*i**2 + i + 9. Let q be w(-11). Let y(c) be the second derivative of -c**4/12 + c**3/6 - c**2 - 2*c. Give y(q).
-8
Suppose 0 = 2*q + m - 19, -q = -3*q + 4*m + 14. Let i be (3/q)/(2/6). Let y(g) = -4 - g + i - 8*g**2 + 5 - 3. Calculate y(-1).
-8
Let p(h) be the second derivative of -5*h**3/6 - 27*h. Calculate p(2).
-10
Let y(h) = 2*h - 10. Let n = -1284 - -1296. Determine y(n).
14
Let n(p) = p**2 + 6*p + 7. Let q be n(-5). Let o(g) = 9*g - 8*g + q - 5 + 4. Determine o(7).
8
Let f(o) = -o**3 + o**2 + 2*o + 22. Suppose 3*p = 2*m - 10 + 4, 5*m - 5*p - 10 = 0. Let t be f(m). Let j(z) = -22*z**2 + z - t*z**2 + 43*z**2. Determine j(-3).
-12
Let m(z) = z**2 + 5*z - 3. Let v = -8 - -4. Let t be m(v). Let d(y) = y**3 + 6*y**2 - 10*y - 8. Determine d(t).
13
Let q(x) = 7*x**3 - 3*x**2 + 2*x + 2. Let k(s) = 9*s**3 - 3*s**2 + 2*s + 3. Let d(w) = -4*k(w) + 5*q(w). Calculate d(-4).
6
Let a(u) = -u + 17. Let t be a(14). Suppose i - t + 1 = 0. Let g(l) = -l**2 + l + 1. Let d(f) = f**2 - 8*f - 9. Let x(y) = i*g(y) + d(y). What is x(-6)?
-7
Suppose 15*f = 11*f + 5*d - 34, -32 = 5*f - d. Let k(z) = 2*z + 15. Calculate k(f).
3
Let v be (-13)/70 + (4 - 130/35). Let c(o) be the third derivative of 7*o**2 - 1/120*o**6 + 0 - 1/6*o**4 + 0*o + 0*o**3 + v*o**5. Calculate c(5).
5
Let v(s) = -2*s**3 + 3*s**2 + 2*s + 1. Let c(g) = 3*g**3 - 2*g**2 - g - 2. Let u(q) = 3*c(q) + 4*v(q). Let y = 7 - 2. Suppose f = -y - 0. Determine u(f).
-2
Let r(g) = -8*g**2 - 2*g + 5. Let y(v) = -5*v**2 - v + 3. Let z(h) = 3*r(h) - 5*y(h). Calculate z(2).
2
Let k(x) = -2 - 23*x + 7 - x**2 + 16*x. What is k(-7)?
5
Let j(u) = 5*u**2 + u - 1. Let v = 12 + -23. Let l = 14 + v. Suppose 0 = -l*g + 3 - 0. Calculate j(g).
5
Let t(g) = g**3 + g - 7 - 798*g**2 - 10*g - 6*g + 784*g**2. Determine t(15).
-7
Let n(g) be the second derivative of g**5/20 - 5*g**4/12 + 2*g**3/3 - g**2 - g. Let l be ((-26)/((-1144)/66))/((-3)/(-8)). What is n(l)?
-2
Let j(p) = -p**3 + 6*p**2 + 9*p. Suppose -3 = 3*h - 18. Suppose -9 - 26 = -h*f. What is j(f)?
14
Let i(l) = -l**2 - 15*l - 14. Let v be i(7). Let u = 173 + v. Let q(j) be the second derivative of -j**5/20 + j**4/2 - 2*j**3/3 - 2*j**2 - j. Calculate q(u).
1
Let f be ((-11)/(-22))/(1/(-38)). Let m(b) = -2*b - 33. Calculate m(f).
5
Suppose -41 = -7*u - 153. Let z = u - -15. Let t(s) = s - 1. Let c(f) = 5*f**2 - 7*f + 5. Let p(w) = c(w) + 6*t(w). Determine p(z).
5
Suppose -14 = -4*g + 6. Suppose 0 = 2*y - y + g*y. Let x(r) = r**3 + r**2 + r - 15. What is x(y)?
-15
Let k(d) = d**2 + 4*d + 6. Let a(z) = -z**2 - 9*z - 9. Let h be a(-7). Suppose 5*v + 3 = -3*r, -3*v + 0 + 5 = -h*r. Suppose -c = -v*c + 5. What is k(c)?
11
Let p(m) = 11*m**2 + 2*m - 5. Let x(u) = -3*u + 0*u**2 + 2*u - 7*u**2 + 2 + 1. Let d(g) = -5*p(g) - 8*x(g). Give d(1).
0
Let o(q) = -8*q - 11*q**2 + 17*q - 5 + 10*q**2 + 5*q. Determine o(13).
8
Let d = -2 + 7. Let s(h) = -h + 1. Let i(c) = 3 + 54*c - 16 - 51*c + c**2. Let b(t) = i(t) + 6*s(t). What is b(d)?
3
Let t(y) = -y**2. Let m = 1 - -4. Let h = -4 + 9. Suppose -h - 5 = m*k. Give t(k).
-4
Let x be 15 + (12/(-2))/(-2). Let v = x - 13. Let i be (-5)/(v/(-4)) - -2. Let w(b) = 2*b - 7. Give w(i).
5
Suppose -5*h = -10*h + 60. Let m be h/4 - (2 - 2)*1. Let b(j) be the third derivative of j**6/120 - j**5/20 + j**3/6 - j**2. What is b(m)?
1
Suppose 3*i + 104 = -4*v - 274, -3*i - 282 = 3*v. Let m = v - -93. Let c(s) = -5*s**2 + 3*s + 2. Let p(d) = -d**2 + 1. Let l(x) = c(x) - 6*p(x). What is l(m)?
-4
Let i(f) = -6*f**2 + 8*f + 24. Let c(v) = -7*v**2 + 8*v + 27. Let s(g) = -5*c(g) + 6*i(g). Let u be ((-9)/4)/(1/(-4)). Determine s(u).
0
Suppose 3*q = 3*t - 6, 0*q + 2*t - 12 = -2*q. Let d(k) = -2*k**q + 2*k**3 - 3 + 0 + 2 - 3*k**3. Calculate d(-2).
-1
Let t(k) be the first derivative of -k**4/4 + k**2/2 - 2*k - 104. Give t(2).
-8
Let l = -104 - -106. Let x(a) = 3*a**3 - 5*a**2 + 4*a + 3. Let c(j) = -j**3 - j - 1. Let t(v) = l*c(v) + x(v). Let q = -8 + 12. What is t(q)?
-7
Let o(g) = -4*g**3 + 2*g**2 + 2*g - 1. Let p be o(-2). Suppose -28 = -7*v + p. Let n(m) = m**3 - 9*m**2 - m - 3. Calculate n(v).
-12
Let h(c) = -c**2 + 10*c - 9. Let p(j) = -3*j**2 + 22*j - 19. Let r(k) = -5*h(k) + 2*p(k). Give r(-7).
0
Let j(r) = -r**3 - 3*r**2 + 8*r + 6. Suppose 3*s - 3*v - 2*v - 39 = 0, 0 = -3*s - v + 57. Let k = s - 23. Calculate j(k).
16
Suppose 0 = -74*y + 55 + 93. Let f(l) be the first derivative of l**4/4 - l**3 + l**2 - 2*l - 5. What is f(y)?
-2
Let a = 28 + -23. Let d(v) = 5*v + 2*v**2 - v**3 - a*v - 5 - 6*v**2 + 4*v. Let n be 5/((2 - -1)/(-3)). Determine d(n).
0
Let k be 2*1 - 6*(-2)/(-6). Let j(u) = -u**3 + 4. What is j(k)?
4
Let n(m) = m**2 + 1. Let d(w) = 4*w**2 + 4. Suppose 0 = -5*p + 2*p + 21. Let k(c) = p*n(c) - 2*d(c). Let t be (-4)/(-4) - (0 - 1). Determine k(t).
-5
Let d = -131 - -126. Let t(m) be the second derivative of -m**3/3 - 17*m**2/2 - m. Let k be t(d). Let 